14)/77 + f/22?
2, 11
Suppose -681 - 879 = -6*f. What are the prime factors of f?
2, 5, 13
Suppose -840 = -6*y + 246. What are the prime factors of y?
181
Suppose 0*k + u = 4*k - 5, 2*u - 6 = 0. Let f be (0 - 0) + -1 + 1. Suppose w - 22 = -4*d + 1, f = k*d + 2*w - 10. What are the prime factors of d?
2, 3
Let v(b) be the third derivative of b**7/1260 + b**6/144 - b**5/15 - 2*b**2. Let t(z) be the third derivative of v(z). What are the prime factors of t(4)?
3, 7
Suppose -299 = -2*o + a, o + 0*o - 148 = a. What are the prime factors of o?
151
Let l be (-1)/(-2) + 41/2. Suppose -11 - l = -4*m + 3*b, 38 = 2*m + 4*b. What are the prime factors of m?
11
Suppose -5*d = 2*v - 3, -7 = -3*v + d + 6. Suppose 0*a - 44 = -v*a. List the prime factors of a.
11
Suppose 0 = 5*h - 152 + 7. Suppose -63 = -5*t - 2*s, h = 5*t - 2*t - s. List the prime factors of t.
11
Suppose f = 49 + 35. Suppose -5*k = 2*k - f. What are the prime factors of k?
2, 3
What are the prime factors of 44 + (-4)/(-4) + 1?
2, 23
What are the prime factors of (-1)/(-2) + 1616/32?
3, 17
Let c(b) = -1 + 7 + 1 + b**3 + b + 4. List the prime factors of c(0).
11
Suppose v = 2*v + 30. What are the prime factors of 18/v + 246/10?
2, 3
Let f(h) = -8*h + 1. Let u(t) = -17*t + 2. Let v(x) = 7*f(x) - 3*u(x). List the prime factors of v(-6).
31
Suppose 6 = -0*t + 2*t. Let d = 33 - t. List the prime factors of d.
2, 3, 5
Let c = -24 - -39. Suppose 4*l - v = 80 - c, 39 = 3*l - 4*v. List the prime factors of l.
17
Let a = -3 + 6. Suppose -p = a*k, 0*p + 5*p - 14 = -k. Suppose -p*n - 13 = -46. List the prime factors of n.
11
Let r = 1 + 44. What are the prime factors of r?
3, 5
Let p = 304 + -196. What are the prime factors of p?
2, 3
Suppose 0 = -4*x + x - 126. Let a = -73 - x. Let z = -19 - a. List the prime factors of z.
2, 3
Let d(j) = 3*j**2 - 2*j - 3. What are the prime factors of d(4)?
37
Let p(c) = c**2 - 6*c - 5. Let u be p(7). Suppose 3*y + 30 = -d + 3*d, -u*d - 4*y = -58. What are the prime factors of d?
3, 7
Suppose -4*l = -l - 297. What are the prime factors of l?
3, 11
Suppose -5*h + 13 + 12 = -d, 0 = -4*d - h + 5. Let f = 6 + -2. Suppose -f*o + d*o = -24. List the prime factors of o.
2, 3
Let t = 43 + -30. List the prime factors of t.
13
Let z(j) = -j**2 - 1. Let l be z(0). Let h be l*((-1 - -7) + -1). Let t = h - -10. List the prime factors of t.
5
Let a(l) = 147*l**3 - l + 1. List the prime factors of a(1).
3, 7
List the prime factors of -2*180/(2 + -5).
2, 3, 5
Let z = 11 + -2. Let u(s) = s + 1. Let f be u(2). Suppose -z - f = -w. What are the prime factors of w?
2, 3
Suppose 6*t = 3*t - 24. Let b = -6 - t. Suppose -5*j - 4*g = -4, -b*g + g = -3*j + 16. List the prime factors of j.
2
Let p = 13 - -124. List the prime factors of p.
137
Let c be (-86)/3*3/2. Let o = 68 + c. What are the prime factors of o?
5
Let j = -11 + 101. List the prime factors of j.
2, 3, 5
Let h = 36 + 59. What are the prime factors of h?
5, 19
Let f be 1 - (2/(-1))/1. Suppose -f*u + 26 = 4*h + 2*u, -5*h + 10 = -5*u. List the prime factors of h.
2
Let g be 3*(112/12)/4. What are the prime factors of -18*(1 + g/(-3))?
2, 3
Suppose -5 = -3*s - 8. Let i = s - -9. Suppose -k = -3*k + i. List the prime factors of k.
2
Let d be ((-2)/4)/((-2)/16). Suppose d*g - 36 = 2*g. Let j = 33 - g. List the prime factors of j.
3, 5
Suppose 0 = -4*v - v + 20. Suppose -1 = -4*u + 3*b - v, -2*b + 10 = 0. List the prime factors of u.
3
Let k(v) = -3*v - 1. Let w be k(-2). Let g = -2 + w. Suppose -3*u = -4*c - 53, -u = g*u - 3*c - 59. What are the prime factors of u?
11
Let t = 864 + 456. What are the prime factors of (4/10)/(11/t)?
2, 3
Let f be (1 + 1)/(-2) + 2. Let x = -14 + f. Let k = -2 - x. What are the prime factors of k?
11
Let n(u) = 43*u**2 - 3*u + 2. List the prime factors of n(1).
2, 3, 7
Let q be (-2)/4*2 - -7. Suppose -l + q*c = 2*c + 19, 0 = 5*c - 20. List the prime factors of (6*1)/l - -16.
2, 7
Let l(q) = 2*q + 2. Let o be l(7). Suppose 0 = 2*n - 0*n - o. What are the prime factors of n?
2
Let n(o) be the first derivative of -o**2/2 + 15*o + 1. Suppose 1 = c - 6. List the prime factors of n(c).
2
Let p(x) be the second derivative of x**3/6 + x**2/2 + 2*x. Let t be p(-3). Let b(n) = 3*n**2 + n - 1. List the prime factors of b(t).
3
Suppose 2*g - 12 = 26. What are the prime factors of g?
19
Let o(k) = k - 6. Let i be o(7). Let r(m) = 5*m - 1. Let j be r(i). Let c(l) = 2*l**2 - 4*l - 2. What are the prime factors of c(j)?
2, 7
Let b = 8 - 5. Suppose b*z = 5*k - 2 - 6, k = 4*z - 12. What are the prime factors of z?
2
Let y(b) = -b**2 - 2*b - 1. Let m be y(-1). Suppose -3*l - f + 18 = 0, 5*l + 5*f + m*f - 20 = 0. What are the prime factors of l?
7
Suppose -3*t - 7 + 4 = 0. Let z be t + 1 + 0 + -1. List the prime factors of (-8)/(-1)*z/(-2).
2
Let s(n) = -8*n**2 - 1. Suppose d = -j + 6*j + 12, -4*j + 4*d = 16. Let a be s(j). Let l = -20 - a. What are the prime factors of l?
13
Suppose 4*s = 2*p + 2*s + 18, 0 = -5*p + s - 29. Let x = p - -16. What are the prime factors of x?
11
What are the prime factors of (-1)/(-4) + (-268)/(-16)?
17
Let o(x) = -x**3 + 7*x**2 + 5*x - 4. List the prime factors of o(7).
31
Let s = 8 + -11. List the prime factors of 18 + s + (3 - 3).
3, 5
Let d = 10 + -7. Suppose 0 = 3*v + a - 30, 2*a - 11 = -d*v + 16. Let h = v - -1. What are the prime factors of h?
2, 3
Let i be -1 - (-4 - (-1 + 0)). Suppose -28 = -3*h + i*h. List the prime factors of h.
2, 7
Let z(p) = 3*p - 1. Let o be z(2). Suppose 2*s - 5*j = 13, -4*s - o*j + j = -68. Suppose 0 + s = 2*u. List the prime factors of u.
7
Suppose 5*j - d - 30 - 4 = 0, 6 = -j - 3*d. Suppose -2 = y - 12. What are the prime factors of (j/2)/(6/y)?
5
Let x = 12 + -12. Suppose 3*t - 33 = -x*t. List the prime factors of t.
11
Let g be (-27)/(-5) - (-4)/(-10). Suppose 0 = -5*h - z - 29, -g*h - 35 = -0*h - 5*z. Let m = h + 14. List the prime factors of m.
2
Suppose -3*m - 76 = -5*m. Suppose -4*l + m = 3*s, -s - 5*l + 3 = -17. What are the prime factors of s?
2, 5
Let c = -1 + 3. Suppose -c*v = -8 - 50. List the prime factors of v.
29
Let g(o) = -o**3 - 20*o**2 + 14*o + 2. List the prime factors of g(-21).
149
Let u(r) = 2*r**2 - 4*r + 2. Let g be u(2). Suppose -2*m + 2*f + 63 - 21 = 0, 2*m = -g*f + 38. List the prime factors of m.
2, 5
Let k = 16 - 13. What are the prime factors of k?
3
Let m = -15 - -63. Suppose -3*v + 27 = 5*u - 25, -3*u = 3*v - m. What are the prime factors of v?
2, 7
What are the prime factors of 526/10 + (-2)/(-5)?
53
Suppose -2*f + 14 = -108. List the prime factors of f.
61
Let v(q) = 15*q**2 + 1. Suppose -3*l - 3 = -0*l. List the prime factors of v(l).
2
Let a be (-2 + 72/3)*1. Let z = 39 - a. List the prime factors of z.
17
Let i = 3 + -3. Suppose i = -n + 1 + 4. Suppose 4*q + 2*b - 34 = -0*q, 0 = -q - n*b - 5. List the prime factors of q.
2, 5
What are the prime factors of 0 + -13*4/(-4)?
13
Let m(h) = h + 8. Let u be m(-8). Suppose z - 2*z = 4*v - 81, u = 3*v + z - 61. Suppose 0*i = 2*i + 4*s, 0 = 3*i + s - v. What are the prime factors of i?
2
Suppose -2 = n, -24 = -3*s + 5*n + 13. What are the prime factors of s?
3
Let t(b) be the first derivative of 7/3*b**3 + 1/4*b**4 - 10*b - 3/2*b**2 - 2. What are the prime factors of t(-7)?
11
Suppose -4*p - 15 = -p, 4*a - 61 = p. Let w = 20 - a. What are the prime factors of w?
2, 3
Let x = -163 - -415. What are the prime factors of x?
2, 3, 7
Suppose 0*d = -4*d - 28. Suppose -2*a = j + 4*j - 108, a = 5*j - 96. Let r = d + j. What are the prime factors of r?
13
Let l(q) be the second derivative of -q**3/2 + q**2/2 - 4*q. What are the prime factors of l(-2)?
7
Let h be 6*(2 + -3 - 0). Let r = 2 - h. What are the prime factors of r?
2
Suppose 0 = 3*d + 3*d - 330. List the prime factors of d.
5, 11
Suppose 4*y = -0*i + 4*i + 924, 4*y = -2*i + 894. List the prime factors of y.
2, 113
Suppose 3*x + 8 = 113. Let n = 14 - x. Let y = n + 31. What are the prime factors of y?
2, 5
Let x(p) = 4*p**2 + 6*p - 4. Let n be x(4). Suppose -k - n = k. Let z = -30 - k. List the prime factors of z.
2, 3
Let y(m) be the third derivative of m**5/30 + m**4/12 - m**3/3 + 2*m**2. Let a be (-20)/8 - 2/(-4). What are the prime factors of y(a)?
2
Let f be ((-10)/(-15))/(2/(-6)). What are the prime factors of (f*1)/((-6)/10